the greatest common factor of 517441014 and 636?
318
What is the greatest common divisor of 3331741 and 68495?
721
What is the highest common divisor of 10836697 and 7?
1
What is the greatest common divisor of 3 and 21099183?
3
Calculate the greatest common divisor of 979 and 1392655.
11
Calculate the greatest common divisor of 168608 and 184448.
352
Calculate the greatest common divisor of 91680 and 75.
15
Calculate the highest common divisor of 15754869 and 232557.
3471
Calculate the greatest common factor of 43590756 and 12.
12
Calculate the highest common divisor of 1916614 and 26656.
238
Calculate the greatest common divisor of 4077 and 4425961.
151
What is the highest common factor of 1350 and 2786650?
50
What is the highest common factor of 5991870 and 15?
15
What is the highest common divisor of 348 and 1211765?
29
Calculate the greatest common divisor of 108275 and 204125.
1775
What is the highest common divisor of 2852192 and 301546?
1666
Calculate the highest common divisor of 1360 and 1009040.
80
What is the greatest common factor of 9135 and 2871?
261
Calculate the highest common factor of 330794506 and 5012.
2506
What is the greatest common divisor of 48374 and 8732590?
722
Calculate the greatest common factor of 18 and 15831402.
6
Calculate the greatest common factor of 11118577 and 538.
269
What is the highest common factor of 2307595 and 115?
5
What is the highest common factor of 4784848 and 128?
16
What is the greatest common factor of 71177003 and 71?
71
What is the highest common divisor of 30623322 and 12?
6
Calculate the highest common factor of 660883669 and 37221.
12407
What is the greatest common divisor of 14 and 130227797?
7
What is the highest common factor of 57313 and 3499191?
1549
What is the greatest common factor of 750 and 847725?
75
Calculate the highest common factor of 246 and 14436510.
246
What is the greatest common divisor of 261456 and 1586334?
2514
Calculate the highest common divisor of 104 and 201671236.
52
Calculate the highest common factor of 54 and 149556.
6
Calculate the greatest common divisor of 219108 and 384.
12
What is the highest common factor of 3956632 and 316?
4
What is the highest common factor of 728494 and 442?
26
Calculate the greatest common divisor of 73970271 and 261.
261
Calculate the highest common factor of 288 and 3657168.
144
What is the greatest common factor of 31217 and 817?
19
What is the highest common divisor of 832 and 12819872?
416
What is the highest common divisor of 10066 and 623938?
14
Calculate the greatest common divisor of 109657697 and 301.
43
What is the greatest common factor of 24713 and 11414?
13
Calculate the highest common factor of 3979725512 and 1633.
1633
Calculate the greatest common factor of 14654519 and 11.
11
Calculate the highest common factor of 6704409 and 13583.
799
Calculate the greatest common factor of 1108024353 and 22742.
11371
What is the highest common factor of 605 and 99110?
55
Calculate the highest common factor of 62 and 26588762.
62
Calculate the greatest common factor of 905 and 18119729.
181
What is the greatest common divisor of 1050 and 167223?
21
What is the highest common divisor of 2143 and 1270?
1
Calculate the greatest common divisor of 215 and 662071.
43
Calculate the highest common divisor of 9459590 and 560.
70
Calculate the highest common divisor of 5495910 and 1140.
30
Calculate the greatest common factor of 124744 and 128.
8
What is the highest common factor of 9320 and 19360?
40
Calculate the greatest common factor of 4676 and 295109374.
2338
Calculate the highest common divisor of 1011288 and 22272.
696
Calculate the greatest common divisor of 9718298 and 6790702.
11006
Calculate the greatest common divisor of 498 and 303713932.
166
What is the highest common divisor of 8963646 and 2313?
771
Calculate the greatest common factor of 13833408 and 3924.
1308
Calculate the greatest common divisor of 29 and 18706073.
29
What is the greatest common divisor of 11205 and 117250?
5
Calculate the greatest common divisor of 65978275 and 44.
11
Calculate the highest common factor of 45576 and 6383172.
2532
Calculate the highest common divisor of 84073541 and 2.
1
What is the highest common divisor of 685608409 and 514?
257
Calculate the highest common divisor of 43876 and 81844.
28
What is the greatest common factor of 2880 and 12740940?
180
Calculate the highest common factor of 360 and 40712472.
72
What is the greatest common divisor of 1951915 and 190?
5
What is the greatest common factor of 93 and 418536673?
31
Calculate the highest common divisor of 152 and 4278952.
152
What is the highest common divisor of 16055424 and 4887?
1629
What is the highest common factor of 2310 and 3355770?
330
What is the greatest common divisor of 5394 and 351974?
62
Calculate the highest common divisor of 37695363 and 3243.
141
Calculate the greatest common divisor of 50546 and 802169.
199
Calculate the highest common factor of 104449785 and 55.
55
What is the greatest common factor of 78410 and 50?
10
Calculate the highest common factor of 74682676 and 4.
4
What is the highest common divisor of 247060 and 16500?
220
What is the greatest common divisor of 13342 and 970154?
1906
What is the highest common factor of 5160 and 273495?
15
What is the greatest common divisor of 2880081 and 18?
9
Calculate the highest common factor of 2181288 and 93.
3
What is the greatest common factor of 140 and 32260?
20
Calculate the greatest common divisor of 4888 and 18904904.
376
Calculate the greatest common divisor of 127323731 and 43.
43
What is the highest common factor of 15629152 and 29392?
176
Calculate the greatest common factor of 8918628 and 7178.
74
Calculate the highest common divisor of 152186 and 57717350.
3238
Calculate the highest common divisor of 5920 and 82695.
185
What is the highest common divisor of 1744 and 35680?
16
Calculate the greatest common divisor of 126075 and 1875.
75
Calculate the highest common divisor of 667 and 8512921.
667
What is the greatest common divisor of 33553706 and 3544?
886
Calculate the highest common factor of 4111212 and 984.
12
Calculate the highest common divisor of 1079228 and 7532.
1076
Calculate the highest common factor of 31822 and 130662.
14
What is the highest common divisor of 7534491 and 664?
83
Calculate the highest common divisor of 780 and 73352695.
65
Calculate the highest common factor of 232 and 123881272.
232
Calculate the highest common factor of 3 and 56925510.
3
Calculate the highest common factor of 72247526 and 522.
58
What is the highest common factor of 159418 and 4?
2
Calculate the greatest common factor of 18395376 and 471000.
3768
What is the greatest common factor of 21573 and 9754803?
1269
Calculate the greatest common divisor of 103086135 and 180.
45
Calculate the greatest common factor of 17624535 and 60.
15
What is the highest common divisor of 798758711 and 28195?
5639
Calculate the greatest common factor of 54 and 8961120.
18
Calculate the greatest common divisor of 1200 and 53547600.
1200
What is the greatest common divisor of 30619448 and 782?
34
Calculate the greatest common factor of 39125 and 224421.
313
What is the greatest common divisor of 558576 and 193833?
81
Calculate the greatest common divisor of 426 and 277576914.
426
What is the greatest common divisor of 52924230 and 1530?
1530
Calculate the greatest common factor of 1230568 and 8.
8
What is the highest common factor of 92112 and 44354352?
4848
Calculate the highest common divisor of 28987 and 774613.
287
What is the highest common divisor of 155210 and 128095?
935
Calculate the highest common factor of 45 and 70425765.
45
Calculate the greatest common divisor of 11368 and 4974284.
196
Calculate the highest common divisor of 4731508 and 264724.
1156
Calculate the highest common divisor of 7555515 and 3190.
1595
Calculate the highest common factor of 3206705 and 2573.
83
Calculate the greatest common factor of 21968583 and 91.
91
What is the greatest common factor of 53703 and 13119813?
243
What is the greatest common factor of 148830937 and 34?
17
What is the highest common factor of 12394624 and 5984?
352
Calculate the highest common factor of 4908174 and 80162.
538
Calculate the highest common factor